nvert 347 (base 8) to base 5.
1411
Convert -617 (base 10) to base 15.
-2b2
Convert 1db5 (base 14) to base 6.
41123
Convert 253 (base 13) to base 4.
12112
1467 (base 8) to base 7
2254
Convert 13102 (base 5) to base 10.
1027
-36102 (base 9) to base 7
-130244
What is 22010212 (base 3) in base 13?
2918
What is 2809 (base 14) in base 11?
5343
Convert 1cd (base 15) to base 9.
514
What is -5717 (base 9) in base 12?
-2544
What is 100110101 (base 2) in base 5?
2214
-468 (base 14) to base 11
-727
Convert 1012 (base 8) to base 4.
20022
Convert 375 (base 11) to base 10.
445
What is -1246 (base 7) in base 6?
-2111
Convert -212100 (base 4) to base 6.
-15200
What is b9 (base 14) in base 7?
322
Convert -1314114 (base 6) to base 5.
-4302230
110011011110 (base 2) to base 14
12b4
What is -e25d (base 15) in base 16?
-baac
What is 20214 (base 8) in base 11?
6295
What is 1234424 (base 5) in base 12?
12124
Convert -101022 (base 3) to base 8.
-426
What is 10105 (base 6) in base 5?
20322
What is -3145 (base 6) in base 2?
-1011001001
Convert 203103 (base 4) to base 13.
104a
What is -1220001010 (base 3) in base 13?
-13c23
What is -1619 (base 10) in base 6?
-11255
100201 (base 5) to base 6
22412
Convert -1063 (base 8) to base 10.
-563
173426 (base 8) to base 14
190a2
14fe (base 16) to base 2
1010011111110
Convert -502356 (base 7) to base 3.
-11022110210
-163 (base 15) to base 9
-383
-43532 (base 7) to base 3
-112221202
Convert -2286 (base 13) to base 16.
-12ea
-45611 (base 7) to base 14
-4341
-213 (base 14) to base 3
-120011
Convert 14223 (base 5) to base 6.
5300
What is -2053 (base 8) in base 7?
-3053
634 (base 7) to base 16
13f
Convert -124101 (base 6) to base 8.
-26005
Convert 134400 (base 6) to base 15.
3b4c
Convert 35122 (base 6) to base 11.
3852
-12183 (base 14) to base 11
-30246
Convert -11003 (base 5) to base 3.
-1000220
What is -1459 (base 12) in base 11?
-1868
Convert 277 (base 12) to base 2.
101111011
5361 (base 11) to base 16
1bad
Convert 40124 (base 6) to base 4.
1101310
-2423 (base 6) to base 12
-413
What is -35018 (base 12) in base 7?
-413420
Convert -55 (base 15) to base 6.
-212
Convert -110000010 (base 2) to base 11.
-321
Convert -78c (base 16) to base 6.
-12540
Convert -2100111102 (base 3) to base 2.
-1011010011010001
Convert -42e (base 16) to base 13.
-644
What is 15541 (base 8) in base 9?
10547
-13140 (base 11) to base 2
-100100101101111
What is 564 (base 9) in base 14?
251
-401443 (base 5) to base 3
-122111011
Convert c (base 13) to base 4.
30
Convert 10101100001010110 (base 2) to base 11.
60257
Convert 1777 (base 10) to base 13.
a69
-11011101010000 (base 2) to base 7
-56166
2112440 (base 5) to base 11
24635
What is 21101003 (base 4) in base 14?
db91
What is 2306 (base 8) in base 9?
1607
Convert -665 (base 12) to base 9.
-1255
-44253 (base 6) to base 9
-8386
Convert -82 (base 16) to base 9.
-154
198c (base 13) to base 11
2976
What is -12005 (base 6) in base 4?
-123011
What is -533 (base 8) in base 3?
-110212
463 (base 15) to base 11
823
Convert 31435 (base 6) to base 10.
4271
Convert -28970 (base 10) to base 14.
-a7b4
What is -101323 (base 5) in base 6?
-23242
-200222002 (base 3) to base 16
-3602
What is 1312310 (base 4) in base 5?
220404
-1003304 (base 5) to base 16
-3ecf
61550 (base 8) to base 15
7818
210121200 (base 3) to base 16
3d8f
Convert 871 (base 12) to base 11.
a25
a7 (base 15) to base 3
12211
Convert -5baa (base 12) to base 4.
-2201302
What is 2020000 (base 3) in base 6?
11300
What is 27 (base 8) in base 7?
32
Convert 11111101 (base 2) to base 13.
166
Convert 233042 (base 6) to base 11.
14126
Convert -134001 (base 6) to base 2.
-11000011110001
What is -1446 (base 11) in base 2?
-11101001001
Convert 110001110 (base 2) to base 16.
18e
What is -46758 (base 9) in base 12?
-160b2
-1101012 (base 3) to base 13
-5c3
What is 2303 (base 5) in base 3?
110011
What is 211011220 (base 3) in base 13?
748b
Convert 1a36 (base 15) to base 11.
42a0
Convert 1dd (base 15) to base 7.
1156
Convert -1315 (base 6) to base 16.
-14f
-1b02 (base 15) to base 10
-5852
Convert 110110101010010 (base 2) to base 5.
1343421
What is 344 (base 5) in base 13?
78
305553 (base 6) to base 7
131532
What is 221202002 (base 3) in base 5?
1100032
Convert 1101001201 (base 3) to base 16.
698b
2557 (base 9) to base 8
3573
Convert -2102230 (base 4) to base 12.
-5524
What is 1974 (base 12) in base 8?
6050
-2121110 (base 3) to base 11
-147a
What is 3133121 (base 5) in base 2?
1100110000111110
What is -9cc (base 14) in base 9?
-2600
What is -1001111110 (base 2) in base 6?
-2542
Convert 80ac (base 13) to base 12.
a306
Convert 278 (base 15) to base 7.
1433
What is -468 (base 14) in base 4?
-31230
3646 (base 7) to base 4
111031
What is 1110111000 (base 2) in base 12?
674
What is 101200 (base 5) in base 14?
12ba
Convert -3674 (base 10) to base 12.
-2162
-3981 (base 13) to base 7
-32646
What is 110220020 (base 3) in base 11?
7078
What is -44a (base 13) in base 11?
-611
212 (base 4) to base 9
42
What is -101100000 (base 2) in base 7?
-1012
399 (base 13) to base 11
526
What is 233331 (base 4) in base 12?
1939
Convert -4e8 (base 16) to base 11.
-a42
What is -3459 (base 14) in base 12?
-531b
91d1 (base 16) to base 15
b0d9
-20402 (base 5) to base 7
-3641
What is -b6e (base 15) in base 14?
-d23
What is 403 (base 9) in base 16?
147
What is -11720 (base 10) in base 3?
-121002002
100020 (base 3) to base 15
119
-63 (base 8) to base 2
-110011
Convert 222432 (base 5) to base 10.
7867
What is -10001002 (base 3) in base 4?
-202220
What is 6652 (base 13) in base 2?
11011110110111
-219c (base 13) to base 14
-19d2
640 (base 8) to base 5
3131
Convert -2f65 (base 16) to base 2.
-10111101100101
What is 731 (base 14) in base 10?
1415
-657b (base 16) to base 5
-1312404
Convert -5580 (base 10) to base 12.
-3290
Convert 1ad (base 16) to base 11.
360
951 (base 12) to base 9
1767
What is 2272a (base 12) in base 5?
2432340
261 (base 8) to base 13
108
What is 13335 (base 8) in base 3?
22000210
What is 1651 (base 13) in base 15?
e87
Convert 21 (base 4) to base 5.
14
Convert 102200 (base 3) to base 6.
1243
42011 (base 6) to base 15
19ed
What is -32304 (base 5) in base 14?
-b36
What is -26b5 (base 12) in base 6?
-32345
Convert -21224 (base 5) to base 2.
-10110011111
1657 (base 11) to base 6
13451
-10210221 (base 3) to base 5
-42104
Convert 18a (base 12) to base 7.
505
What is -121102212 (base 3) in base 9?
-17385
-41130 (base 5) to base 2
-101001101001
Convert -25d (base 16) to base 11.
-500
Convert -53462 (base 7) to base 8.
-31732
What is -1323023 (base 4) in base 8?
-17313
What is -11600 (base 9) in base 13?
-3702
-4432 (base 7) to base 9
-2157
What is -5201 (base 8) in base 13?
-12bb
b (base 14) to base 13
b
16416 (base 9) to base 6
124110
What is 7417 (base 8) in base 14?
1595
-40 (base 13) to base 9
-57
What is -222323 (base 5) in base 11?
-5986
What is 22816 (base 10) in base 5?
1212231
-11010110 (base 2) to base 3
-21221
1020111 (base 3) to base 12
634
Convert -40 (base 16) to base 9.
-71
Convert 232365 (base 7) to base 14.
112a5
-640 (base 7) to base 9
-387
Convert -d5f (base 16) to base 3.
-11200210
15491 (base 12) to base 3
1112020101
-1501 (base 7) to base 5
-4324
What is 1200302 (base 5) in base 8?
52700
Convert 324254 (base 7) to base 8.
156634
-1535 (base 9) to base 16
-48e
23 (base 7) to base 15
12
31222 (base 4) to base 10
874
-2134 (base 5) to base 7
-600
What is -122010121 (base 3) in base 6?
-133454
-3218 (base 9) to base 5
-33431
Convert -4954 (base 13) to base 15.
-311d
-1111 (base 11) to base 5
-21324
What is 321013 (base 5) in base 14?
3cc6
1091 (base 14) to base 6
21143
-65 (base 15) to base 10
-95
1010000100101111 (base 2) to base 3
2002121021
What is -11822 (base 9) in base 2?
-1111100010110
-6054 (base 8) to base 16
-c2c
Convert -1122010 (base 3) to base 14.
-611
Convert 11a (base 13) to base 15.
cc
-431014 (base 5) to base 14
-5405
Convert -4a (base 12) to base 9.
-64
What is 1424 (base 10) in base 14?
73a
2b64 (base 13) to base 12
37bb
ab2 (base 12) to base 7
4406
What is 3d9 (base 14) in base 15?
36e
Convert -2628b (base 12) to base 16.
-cc0b
What is 1112120 (base 3) in base 9?
1476
What is -1543 (base 9) in base 15?
-533
-12b9c (base 13) to base 5
-2104233
Convert -11218 (base 13) to base 